 be the first derivative of -281*h**6/20 + h**5/60 - 3*h**2 + 32. Let d(f) be the second derivative of s(f). Is d(-1) prime?
False
Suppose 0 = s - 4, i - 6 = 4*s + 4. Let g(b) = -b**3 - 3*b**2 + 10*b + 5. Let w be g(-7). Let v = w + i. Is v a prime number?
True
Let y = -436 + 457. Is 1134518/294 - (-2)/y composite?
True
Let l(b) = -9*b**2 + 36*b - 8. Let h(z) = -5*z**2 + 18*z - 3. Let v(g) = 13*h(g) - 6*l(g). Let n be v(-11). Let o = 2587 + n. Is o a composite number?
True
Let n(t) = -12*t**3 + 14*t**2 + 11*t - 62. Is n(-17) a composite number?
False
Suppose 24*k + 62 = -34. Is (2/6)/((-368575)/92145 - k) a composite number?
False
Let l = -2731347 + 6243398. Is l composite?
False
Let o be (-55 + 55)/((-3)/(-1)). Suppose o*b + 5*b - 8535 = -4*n, 0 = -b + 3*n + 1726. Is b a prime number?
False
Let v(j) = -j**2 - 2*j + 8. Let y be v(0). Suppose -103*x = -105*x + y. Let n(k) = 7*k**2 - 2*k + 11. Is n(x) a composite number?
True
Suppose -84*i + 80*i = 0, 4*x - 4*i - 746164 = 0. Is x prime?
False
Suppose -2*u - 5*h + 60326 + 15155 = 0, 4*h = -3*u + 113239. Is u a prime number?
False
Let z(d) = d**2 + 219*d - 187. Is z(21) a prime number?
False
Let y(l) = l**3 + 5*l**2 - 79*l + 9. Let o be y(19). Let m = o + -3369. Is m composite?
False
Let i(d) = 1956*d - 4067. Is i(101) a composite number?
True
Suppose 0 = 561*o - 530*o - 495101. Is o a prime number?
True
Suppose -21*a = -6183878 + 45179. Is a a prime number?
True
Suppose -5*q + 3*o + 48574 = 0, 32*o - 19417 = -2*q + 35*o. Is q a prime number?
True
Let j be 39855/(-18) + (-25)/(-6) + -4. Let k = 5623 + -2322. Let o = j + k. Is o a composite number?
False
Is (3 - 47398)*(-396)/165 - 1 composite?
True
Is (-7 - -13) + 12 - -489083 composite?
False
Suppose -u - 2*p = 2 + 2, -3*p + 8 = 5*u. Let i(j) be the second derivative of j**5/20 - j**4/12 + j**3/2 + 9*j**2/2 + 19*j + 2. Is i(u) a prime number?
False
Let h(g) = 11*g**2 + 8*g - 62. Let a(u) = -11*u**2 - 8*u + 71. Let y(z) = 5*a(z) + 6*h(z). Let k = 16 + -24. Is y(k) a composite number?
True
Suppose 5*a - 15 = -3*o, 4*o + 0 = 5*a + 20. Suppose 5*t + 4*k = -8375, a*t = -t - 2*k - 1681. Let d = t + 3328. Is d a prime number?
True
Suppose -3*k = -4*o + 23499, o - 2*o + 4*k + 5891 = 0. Let h = 11425 - o. Is h composite?
True
Let i(g) = -1127*g - 48. Let s be i(-3). Let j = -1972 + s. Is j composite?
False
Suppose -4*u - 4*z = -35636064, -26*u + 21*u = -5*z - 44545150. Is u prime?
True
Let x(d) be the third derivative of -5*d**4/24 + 13*d**3/6 + d**2. Let j be x(2). Suppose -4*k - 5*i + 6457 = 0, -j*k - 2*i - 2*i = -4842. Is k prime?
False
Let t = 3741 + 2215. Is (-3)/(1 - 5962/t) a composite number?
True
Let k = -121 - -121. Suppose k = 18*a - 45064 - 39734. Is a prime?
False
Suppose 37 - 43 = -2*m. Suppose 0 = 3*s + 5*f - 55, -m*f = -5*s - 8*f + 75. Suppose 6*x - s*x = -2012. Is x composite?
False
Let m = -25 - -28. Suppose m*t - 54913 = -3*v + v, 5*v - 25 = 0. Is t prime?
True
Let p = 110 + -76. Let f(h) = -159*h + 39 - p*h - 18*h. Is f(-16) a composite number?
True
Let p(g) = 5013*g**3 - 13*g**2 + 37*g + 13. Is p(3) prime?
False
Let w(h) be the third derivative of -h**6/120 - 19*h**5/60 + h**4/24 + 23*h**3/6 - 9*h**2. Let g be w(-19). Is 1*1059/(g + -1) prime?
True
Let z = -6310 - -14919. Is z a prime number?
True
Let a(b) be the first derivative of 4 - 1/4*b**4 - 5/2*b**2 + 11*b - 10/3*b**3. Is a(-14) a composite number?
True
Suppose 44*l = 16 + 72. Suppose -2*z - 3*n - 2225 = -6*z, 3*n + 1111 = l*z. Is z prime?
True
Let z(c) be the third derivative of -c**6/24 + c**5/30 - c**4/8 - 5*c**3/6 - 8*c**2. Let w be z(4). Let h = 516 + w. Is h a composite number?
False
Let q be 8098 - (0 - 1)*1. Let g = -4551 + q. Is 3/((-12)/g)*-1 a composite number?
False
Let s = 42 + -74. Let f = s - -39. Is f*(-14)/(-245) + 16943/5 a prime number?
True
Suppose 0 = -19*s + 21*s + 46. Let j = -23 - s. Suppose t + 1532 = 4*u, -2*t - 1 - 7 = j. Is u prime?
False
Let b = -19796 + 106945. Is b composite?
False
Suppose -456064 + 187114 = -5*w. Suppose -20*b + w = 10*b. Is b prime?
False
Suppose 574 = -5*p + 4*s, -305 = 5*p + 3*s + 262. Let x = -112 - p. Suppose 0*f = -x*f + 6310. Is f composite?
True
Let p = -3855 + 5571. Let s = -758 + p. Is s a composite number?
True
Let z be 190/20 + 2*(-2)/(-8). Let s be 54/z + 4/(-10). Suppose 4*d = 2*q - 900, -1776 = q - s*q - 4*d. Is q a prime number?
False
Let m be 8/12 - (-28)/(-12)*-1. Suppose -m*t + 6*t = 4*x + 6899, 9147 = 4*t + 5*x. Is t composite?
False
Let t be 3903 - (-56)/(4 + 4). Suppose -t - 17461 = -7*n. Is n prime?
False
Suppose -16*b + 17*b - 4*j = 1432949, 2865906 = 2*b - 4*j. Is b composite?
False
Let t(s) = -s**3 - 2*s**2 - 6*s - 5. Let z be t(-1). Suppose z = -5*n - 31278 + 94283. Is n a composite number?
False
Let o = 6 - 3. Let z be 10*(-15)/(750/20) - -2. Is 1473 - (-4 + o)*z a prime number?
True
Let c = -45 + 49. Suppose 4*o - 2*f - 16081 = 3*f, 0 = 5*o + c*f - 20050. Is (1/3)/(6/o) prime?
True
Let m = 53 - 77. Let w = m - -36. Is (-402)/w*(-2 - 40)/3 prime?
False
Let h(b) = b - 10. Let c be h(15). Suppose 2*y + 4*o - 3044 = 0, 0*o = -y - c*o + 1519. Suppose -y = -4*g + 112. Is g composite?
False
Let z(x) = 2486*x**2 - 72*x + 555. Is z(13) a composite number?
False
Let a = 438 + 25076. Is a a prime number?
False
Suppose -3*o + 11553 = 5*d - 0*o, 0 = -3*d - 2*o + 6932. Let p = d + -1267. Is p a prime number?
False
Let u = -76 - -1802. Let m = u + 1651. Is m a composite number?
True
Let m = 499 + -481. Suppose 117171 = -m*g + 27*g. Is g prime?
False
Suppose 323969 = -26*o + 1646979. Is o a prime number?
False
Let q(k) = 2*k**3 - 28*k**2 - 14*k - 99. Let m be q(19). Suppose -j - 10370 = 4*j. Let s = j + m. Is s prime?
True
Let w = 142073 - 79806. Is w prime?
False
Suppose 3*s - 5*g = 13, -73*s - g = -71*s. Let h be 1*3*(0 - 1). Is 1/h*-3*3697*s composite?
False
Let a(y) = 117380*y + 753. Is a(2) a prime number?
True
Let q = 388 - 231. Let f = 236 - q. Is f prime?
True
Is ((-61211)/4*-2)/((-24)/(-48)) a prime number?
True
Suppose 0 = -5*s + 22*s - 162350. Suppose -5*n - 3096 = -y - s, 5*n - 3*y - 6452 = 0. Is n a prime number?
True
Is ((-935106)/(-2) + 1)*(-50)/(-100) prime?
True
Let v be 5/30 + (-6)/36. Suppose i = p - 289, v = 4*p - 3 - 5. Is (i/(-2) - (-5 - -2))*2 a composite number?
False
Let w be -368*(40/(-420) - 17/42). Is w/128*2036 + 2/8 prime?
True
Suppose 3*f - 36 = 3*d, -5*d - 30 = -3*f + 10. Suppose -4*i = -f*i + 366. Let o = i + 6. Is o a composite number?
False
Suppose 0 = 7*n - 13688 - 3938. Let w = n - 1711. Is w composite?
True
Let q(y) = -31*y**3 - 3*y**2 + 129*y - 15. Is q(-10) prime?
False
Let r be 6786/8*384/((-108)/(-9)). Let s = -19355 + r. Is s prime?
True
Let u = -8440 - -14442. Suppose -17*a + 15*a = -u. Suppose 3*b + a = 4*k, k = 2*k - 4*b - 747. Is k a prime number?
True
Suppose 4*g = 4*o - 136160, 2*g = -4*o + 153726 - 17542. Suppose -3*n = 3*r - o, -r + 0*r + 11342 = 3*n. Is r prime?
True
Let d be (-1)/6 - 1*(-931588)/24. Suppose 33396 = 4*f - d. Is f a prime number?
False
Suppose 2*x - 3*c - 84556 = 0, x - 35588 = 3*c + 6699. Is x a composite number?
True
Let f(k) = 8*k - 1645. Let x(j) = -9*j + 1646. Let y(h) = -5*f(h) - 4*x(h). Let s(o) = 3*o + 96. Let p be s(-32). Is y(p) prime?
False
Suppose 641278 = 2*d + 4*w, 0 = -d - 7*w + 303091 + 17513. Is d a composite number?
True
Suppose -15*l + 115752 = -l. Let q = 25553 - l. Is q composite?
True
Suppose 5*p + 185 = -5*d, -155 - 36 = 5*p + 2*d. Suppose 0 = -0*t - 3*t - 39. Is -80*(-10)/12 + t/p composite?
False
Suppose 10*k = 4*k + 24. Suppose -k*m + 57 = -3. Suppose 18*i - 633 = m*i. Is i a composite number?
False
Let r = -6609 - -11819. Suppose 31*o - r = 21*o. Is o a composite number?
False
Suppose 0 = 17*x - 9655370 + 2121871. Is x a prime number?
True
Is 4/((-710974)/78998 - (49 - 58)) prime?
True
Suppose -26713799 = -178*s - 30*s + 11783465. Is s prime?
False
Let s(r) = 2*r + 5*r**2 - 14 - 4*r**2 + 5*r. Let x be s(-9). Is 318/x*(-8)/(-12) prime?
True
Let x(h) = -h**3 - 7*h**2 + 9. Let u be x(-7). Suppose -c + 4*p - u*p = -45, -c + p + 15 = 0. Is (1735 - 2)/(4/c) composite?
True
Let y(f) = -2*f**2 + 6. Let j be y(0). Suppose 13009 = 5*x - j*a + 2*a, -3*x - 4*a + 7831 = 0. Is x prime?
False
Let v(y) = -3*y - 5. Let q be v(-3). Supp